= -m - m. Let n = d + m. What is the remainder when n is divided by 29?
27
Suppose 0 = -56*j + 96*j - 2680. What is the remainder when 2276 is divided by j?
65
Let f be 2 - -1 - (-40)/10. Suppose 0 = -4*w + f + 13. What is the remainder when w is divided by 4?
1
Let g = 1306 + -1303. Calculate the remainder when 18 is divided by g.
0
Suppose -2*m - 1 = 4*p + 3, 2 = -m. Suppose 11*n - n - 130 = p. What is the remainder when 33 is divided by n?
7
Let h be 0 + 0 + (-16)/((-2)/1). Let v(j) = -j**2 + 9*j + 5. Suppose 0*r - 72 = -3*r. What is the remainder when r is divided by v(h)?
11
Let n(t) = t**3 - 28*t**2 - 26*t - 52. What is the remainder when 242 is divided by n(29)?
32
Let p(d) = -d**2 + 19*d + 5. Let j(a) = -2*a**2 + 20*a + 4. Let k(r) = -4*j(r) + 5*p(r). What is the remainder when k(-6) is divided by 5?
2
Let g(k) = 2*k + 2. Let h(u) = -u - 1. Let o(d) = -g(d) - 3*h(d). Let p = 0 - -1. What is the remainder when 9 is divided by o(p)?
1
Suppose -5*z + 5 = 0, -3*g + 13 = g + 5*z. Suppose w + 443 = 4*k, -3*k + 48 = -g*w - 288. Calculate the remainder when k is divided by 28.
26
Suppose 3*w - 4*w - 2*j + 13 = 0, 4*j = 3*w - 69. Suppose -w*g + 3 = -16*g. What is the remainder when 32 - 1/(g/(-2)) is divided by 9?
7
Suppose 9*q - 86 = 58. Suppose -9 = -0*m - m. What is the remainder when q is divided by m?
7
Suppose -23*h = -0*h - 5336. Calculate the remainder when h is divided by 26.
24
Suppose 0*t = -22*t + 814. Calculate the remainder when t is divided by (-6)/(-4) + (-51)/(-6).
7
Let d(g) = -g**3 - 27*g**2 - 33*g - 124. Calculate the remainder when 228 is divided by d(-26).
54
Let s = -13 + 24. Suppose 9*q + 6 = 12*q. What is the remainder when 9/3*q*5 is divided by s?
8
Let r = 78 - 72. Let n(q) = -q**3 + 6*q**2 + 2*q - 2. What is the remainder when 39 is divided by n(r)?
9
Let d(s) = -s**3 + 7*s**2 + 17*s + 20. Let u be (16/6)/(3/(-9)). What is the remainder when d(9) is divided by ((-14)/u)/((-3)/(-12))?
4
Let j = 55 - 10. Suppose -5*t - 3*w + 16 = -14, 5*w - 19 = 2*t. Suppose t*z - 49 - 23 = 0. Calculate the remainder when j is divided by z.
21
Suppose -70*p + 448 = -812. What is the remainder when 791 is divided by p?
17
Let z(v) = 14*v - 12. Calculate the remainder when 72 is divided by z(2).
8
Let r = -1 - -9. Suppose -y = 5*q + 25 - r, y - 7 = 3*q. Let m = 14 + q. What is the remainder when 31 is divided by m?
9
Let p = 43 - 40. Suppose -p*c + 15 = 0, 5*w - c = 4*c + 10. Suppose 0 = -4*f + 1 + w. Calculate the remainder when 9 is divided by f.
1
Suppose 391*t - 402*t + 297 = 0. What is the remainder when 102 is divided by t?
21
Let t(d) = 15*d**2 + 1. Suppose -8*k = -12*k + 8. Suppose 5*n - 4 = g, g + k*n = 3*g. Calculate the remainder when 30 is divided by t(g).
14
Let u(l) = -3*l**2 - 11*l - 5. Let v(m) = -5*m**2 - 17*m - 7. Let t(f) = 8*u(f) - 5*v(f). Calculate the remainder when 18 is divided by t(5).
3
Let c(p) = -p**2 - 7*p - 4. What is the remainder when 13 is divided by c(-1)?
1
Let c(s) = -s**2 + 12*s - 1. What is the remainder when 18 is divided by c(11)?
8
Suppose -5*l = 17*f - 18*f + 12, 4*l = 4*f - 80. Calculate the remainder when 98 is divided by f.
10
Suppose -u + 20 = 5*x, 2*x + u = -u + 16. Suppose -2*m = -j - 43, 0 = -2*m - x*m + 5*j + 95. Let v = m + -11. Calculate the remainder when v is divided by 7.
6
Let n = 26 - 8. Suppose -n*q = -23*q + 20. What is the remainder when 38 is divided by (-6)/q*(-28)/3?
10
Let d = 8 + -6. Let c = -4 + d. Let y = c - -6. Calculate the remainder when y is divided by 2.
0
Let v be (-3456)/(-132) + (-2)/11. What is the remainder when (-8)/(-52) - (-1244)/v is divided by 17?
14
Let t(n) = -2*n**3 - 22*n**2 - 13*n - 131. What is the remainder when 1210 is divided by t(-11)?
10
Suppose -4*k + 6*k = 2. Suppose 5*w = -0*p + 4*p - 105, 2*p - w - 57 = 0. Calculate the remainder when 90 + k + -2 + -1 is divided by p.
28
Suppose 69*a - 6264 = 33*a. Calculate the remainder when a is divided by 61.
52
Calculate the remainder when (-3)/(-2)*220/132*36 is divided by 47.
43
Suppose 28*w - 264 = 156. Calculate the remainder when 102 is divided by w.
12
Let t(x) be the first derivative of 2*x**3/3 + x**2/2 + 4*x - 3. What is the remainder when 19 is divided by t(-2)?
9
Suppose 2*n - 10 = -4. Suppose -646 = -4*p - 2*q, n*p + 4*q - 403 = 84. What is the remainder when p is divided by 18?
17
Suppose 3*a - 47 - 16 = 0. Let n = 66 - a. Let g(j) = 2*j**2 - 2*j + 4. What is the remainder when n is divided by g(3)?
13
Suppose 2*h + h - 4*d = 190, 0 = 4*h + 3*d - 220. Calculate the remainder when h is divided by ((-2 - 5)/(-7))/(1/15).
13
Let r = -1109 - -1179. What is the remainder when r is divided by 15?
10
Let h = 1911 - 1707. Calculate the remainder when h is divided by 35.
29
Let m = 3159 - 3139. Suppose -56 = 4*k - 364. Calculate the remainder when k + 0/(1 - 2) is divided by m.
17
Suppose -98 - 16 = 3*b. Suppose -5*m - 90 = 5*u, -m + 0*m = 3*u + 52. Let x = u - b. What is the remainder when 80 is divided by x?
17
Let h(m) = -8*m - 6. Suppose 2*k - 5*k - 27 = 0. Let u be h(k). Calculate the remainder when 43 is divided by 326/22 - (-12)/u.
13
Suppose 849*j = 852*j - 54. Calculate the remainder when 117 is divided by j.
9
Suppose -23 = -i - 37. What is the remainder when ((-35)/(-2))/((-7)/i) is divided by 1/(0 - 1/(-12))?
11
Calculate the remainder when -7 - (0 + (3 - 603)) is divided by 11.
10
Let i(k) = 3*k**2 + 6*k + 6. Let f be i(-6). Let w = f + -39. What is the remainder when w is divided by 11 + (-2)/4*-6?
11
Suppose 0*r + 4*r = 8. Suppose f + 2*x = 10, 4*x - x - 22 = -r*f. What is the remainder when 12 is divided by f/2 + (-1 - -1)?
5
Let u = 597 + -246. What is the remainder when u is divided by 16?
15
Let n = -13 - -20. What is the remainder when 46 is divided by n?
4
What is the remainder when 219 is divided by -2*130/(-20) - -9?
21
Let v be (-16)/(-96) - 2/12. Let z = -72 + v. Let f = z + 105. What is the remainder when 129 is divided by f?
30
Let h(q) = -q**3 + 5*q**2 - 4*q - 5. Let i be h(-6). Let p be (-2)/9 + i/45. Let s(y) = y**2 - 7*y + 5. What is the remainder when s(p) is divided by 8?
7
Let f be 0/((-9)/(-12)*4). Let k = f + 39. What is the remainder when k is divided by 21?
18
Let o be (-1)/(3/6) + 59. Suppose 0 = -5*w + 3 + o. What is the remainder when 35 is divided by w?
11
Suppose 2*s = -2*s + 56. Suppose 0 = -167*b + 15*b + 8360. What is the remainder when b is divided by s?
13
Let n = 92 + -62. Suppose -h - n = -6*h. Calculate the remainder when 34 is divided by h.
4
Suppose -25*k + 50 = -75. What is the remainder when k is divided by 3?
2
Let c = 354 - 201. Let u = 70 + -58. What is the remainder when c is divided by u?
9
Let n(b) = -33*b + 325. Calculate the remainder when 193 is divided by n(9).
25
Let n(k) = 34*k**2 + k - 1. Suppose 2*j + 2 = -4*h, -4*j + 8*j = 2*h - 24. Let f(r) = 3*r + 8. What is the remainder when n(h) is divided by f(9)?
32
Let n(s) = s**2 - 27*s - 117. Suppose -9 = -4*f + 11. What is the remainder when n(31) is divided by f?
2
Suppose -4*s = -2*s + 10, 5*i - s - 5 = 0. Suppose i = -5*h + 72 + 13. Let n(d) = 4*d**2 - 3. What is the remainder when n(3) is divided by h?
16
Let s(a) = 37*a - 63. Calculate the remainder when s(4) is divided by 29.
27
Suppose -5*t - 99 + 4 = 0. Suppose 4*k + a - 372 = 0, 4*a = 3*k + 2*a - 268. Calculate the remainder when k is divided by t/(-2)*(2 + 0).
16
Suppose j + 5 = 0, 3*f - 3*j + 2*j = 35. What is the remainder when (-4 - (1 + -4))/(2/(-74)) is divided by f?
7
Let v(f) = -2*f**2 + 6 - 3*f**2 + 2*f + 6*f**2. Let y = -34 - -62. Calculate the remainder when v(6) is divided by y.
26
Suppose x - 4*p + 34 - 24 = 0, -4*p = x - 30. What is the remainder when (87/9)/(2/6) is divided by x?
9
Let p(i) be the second derivative of 13*i**3/6 - 3*i**2/2 + 2*i. Let b(u) = -u**2 - 6*u - 7. Let n be b(-3). What is the remainder when p(n) is divided by 6?
5
Let m(w) = -1 + 1 - 2 - w**3 - 2 - w - 8*w**2. Let i be m(-8). Suppose -6*c = -4*c - i. Calculate the remainder when 4 is divided by c.
0
Let f = 25 + -19. What is the remainder when 14 is divided by 2*(-6)/(-10)*40/f?
6
Let w be (-930)/(-9) - 2/6. Let m(n) = 2*n - 2. Let a be m(3). Suppose 2*x - w = -c, -3*x + a*c + 152 = 5*c. What is the remainder when x is divided by 17?